se
Is 1204271 prime?
True
Is 6910885 prime?
False
Is 1193419 composite?
True
Is 4731821 a composite number?
False
Is 3623773 composite?
False
Is 11991709 a composite number?
True
Is 27803351 composite?
False
Is 22149547 a composite number?
True
Is 58120919 a prime number?
True
Is 29677151 a prime number?
False
Is 83006411 prime?
False
Is 306727 a composite number?
False
Is 2385689 a prime number?
False
Is 10741177 a prime number?
True
Is 151804681 composite?
True
Is 2272257021 prime?
False
Is 34456813 prime?
False
Is 6403507 composite?
True
Is 16419829 a composite number?
True
Is 1737997 prime?
False
Is 122750701 a prime number?
False
Is 1177277 a composite number?
False
Is 11890127 a composite number?
False
Is 38365235 a composite number?
True
Is 385991 prime?
True
Is 43597573 a composite number?
False
Is 4118797 a composite number?
False
Is 7380157 a composite number?
False
Is 140451751 a composite number?
True
Is 10757291 prime?
True
Is 3919013 a prime number?
False
Is 15756497 composite?
False
Is 16215439 a composite number?
False
Is 417689383 composite?
True
Is 32136899 a composite number?
True
Is 46446739 a composite number?
True
Is 331530611 composite?
False
Is 31978977 composite?
True
Is 211901869 composite?
True
Is 254015121 composite?
True
Is 9278047 prime?
False
Is 8437255 a prime number?
False
Is 333666737 a composite number?
False
Is 167440243 prime?
True
Is 3426587 prime?
False
Is 30079943 composite?
False
Is 7517999 a composite number?
True
Is 79086337 a composite number?
True
Is 200785621 a composite number?
False
Is 11533153 composite?
True
Is 1519909 a prime number?
False
Is 13736103 prime?
False
Is 51953977 prime?
True
Is 524693909 prime?
True
Is 102579847 a prime number?
True
Is 927527 a prime number?
False
Is 126986759 a composite number?
False
Is 7826411 a composite number?
False
Is 29187511 composite?
False
Is 418447 a prime number?
True
Is 67937941 prime?
True
Is 44614747 a composite number?
False
Is 9740455 a prime number?
False
Is 7499453 a prime number?
False
Is 67536613 a prime number?
True
Is 86055643 prime?
False
Is 2054909 prime?
False
Is 9923577 a composite number?
True
Is 2661157 composite?
False
Is 610231 composite?
True
Is 3908441 a composite number?
False
Is 34811197 composite?
False
Is 1536157 composite?
True
Is 9373361 prime?
True
Is 194606381 prime?
False
Is 73069669 a prime number?
False
Is 175519 composite?
False
Is 19888039 composite?
True
Is 7152347 a prime number?
True
Is 113183071 a composite number?
False
Is 144078347 a composite number?
True
Is 54848967 a prime number?
False
Is 7600939 a composite number?
True
Is 7848559 composite?
False
Is 73842331 a composite number?
False
Is 118685051 composite?
False
Is 1644667 prime?
True
Is 5722651 a prime number?
False
Is 358851554 prime?
False
Is 5332949 a composite number?
True
Is 149827 prime?
True
Is 5768033 a composite number?
False
Is 15656351 a prime number?
False
Is 10078027 prime?
True
Is 1208833 a composite number?
False
Is 146428333 a prime number?
False
Is 2658489 a composite number?
True
Is 985519 composite?
False
Is 2048569 a prime number?
True
Is 1071583 prime?
False
Is 9825107 a prime number?
True
Is 79790033 a composite number?
True
Is 306950701 a prime number?
False
Is 2684431 a prime number?
True
Is 5663153 composite?
False
Is 2741911 prime?
False
Is 6888359 a prime number?
True
Is 306853 prime?
True
Is 237321499 prime?
True
Is 167266877 composite?
False
Is 3557551 a composite number?
False
Is 113899483 a composite number?
False
Is 228226 composite?
True
Is 3704179 a prime number?
True
Is 603389 composite?
False
Is 4787831 a composite number?
False
Is 33455143 a composite number?
True
Is 3645347 a composite number?
False
Is 167058538 prime?
False
Is 29878295 composite?
True
Is 7066394 prime?
False
Is 14172947 a composite number?
False
Is 467909 a prime number?
False
Is 21961481 prime?
False
Is 128936791 prime?
True
Is 105675461 a composite number?
False
Is 41547067 composite?
True
Is 13399567 a composite number?
True
Is 392422843 prime?
False
Is 1735463 composite?
False
Is 57771821 composite?
False
Is 63949 a prime number?
True
Is 17287709 prime?
True
Is 653810761 a composite number?
True
Is 66859519 a prime number?
True
Is 16409057 a prime number?
False
Is 399335899 a composite number?
True
Is 979987 a composite number?
False
Is 71392831 prime?
False
Is 57631477 composite?
False
Is 459577693 a prime number?
False
Is 505596263 a composite number?
False
Is 54624571 composite?
False
Is 28731359 composite?
False
Is 3257317 prime?
False
Is 62951249 prime?
True
Is 1559473 a prime number?
True
Is 2044681 prime?
True
Is 911479 composite?
True
Is 35276629 a composite number?
False
Is 1330359 composite?
True
Is 3818929 a prime number?
True
Is 16201 a prime number?
False
Is 368596843 a prime number?
True
Is 158497463 composite?
True
Is 72421 a prime number?
True
Is 38637751 a composite number?
True
Is 194876339 a composite number?
True
Is 70214 a prime number?
False
Is 4079041 composite?
False
Is 230927 prime?
False
Is 7620097 composite?
True
Is 505447 prime?
True
Is 262511 a prime number?
True
Is 250025731 composite?
True
Is 9676999 a prime number?
True
Is 108081791 composite?
False
Is 14625671 a composite number?
False
Is 11090917 a prime number?
True
Is 38993 a composite number?
False
Is 6459802 a prime number?
False
Is 127802989 prime?
False
Is 226624649 a prime number?
False
Is 2526343 a prime number?
False
Is 273122341 a prime number?
True
Is 65593553 prime?
True
Is 3424501 composite?
True
Is 5766541 composite?
True
Is 442946255 composite?
True
Is 1264421 prime?
False
Is 99792461 a composite number?
False
Is 1131791 prime?
False
Is 3942643 a composite number?
False
Is 74194271 prime?
False
Is 39592271 a prime number?
False
Is 2643127 prime?
False
Is 789221 prime?
True
Is 75531041 prime?
True
Is 28174079 prime?
True
Is 77531473 a prime number?
True
Is 65127091 a composite number?
True
Is 4279007 a prime number?
True
Is 125793781 a prime number?
False
Is 1258403 prime?
True
Is 168668003 a prime number?
False
Is 3799489 prime?
True
Is 178640929 a prime number?
True
Is 147311933 a composite number?
False
Is 22433 a composite number?
False
Is 67861867 prime?
True
Is 104378689 a composite number?
False
Is 5694151 prime?
True
Is 43936261 composite?
False
Is 8054147 a composite number?
False
Is 276183181 prime?
False
Is 2946193 a composite number?
True
Is 60173857 a composite number?
True
Is 3040585 a composite number?
True
Is 4440157 a composite number?
True
Is 28133173 a composite number?
True
Is 12914131 a composite number?
False
Is 101985383 a prime number?
True
Is 312793771 a composite number?
False
Is 305278 a composite number?
True
Is 2510741 composite?
False
Is 2656949863 a prime number?
True
Is 525487 a composite number?
True
Is 4434982 composite?
True
Is 90347239 a prime number?
True
Is 23297683 composite?
False
Is 1773041 a composite number?
False
Is 1753309 a composite number?
False
Is 16849013 a prime number?
True
Is 1671907 a prime number?
True
Is 144113857 composite?
False
Is 32806373 a composite number?
True
Is 1313149 a composite number?
True
Is 13032233 a prime number?
False
Is 2108581 a composite number?
True
Is 165135689 composite?
False
Is 3558979 prime?
True
Is 2232853 composite?
True
Is 3087361 composite?
True
Is 1632031 prime?
True
Is 111157721 a prime number?
True
Is 46439747 a composite number?
False
Is 343234 a composite number?
True
Is 13420663 prime?
True
Is 11956247 prime?
True
Is 31379261 a prime number?
True
Is 22359937 composite?
False
Is 3678173 a composite number?
True
Is 543249893 a composite number?
True
Is 323445503 a prime number?
True
Is 1078283103 a prime number?
False
Is 591037 composite?
True
Is 10621222 prime?
False
Is 10531811 composite?
False
Is 99074771 a composite number?
False
Is 290755801 prime?
False
Is 71539679 composite?
True
Is 6103983 a prime number?
False
Is 8313143 a prime number?
False
Is 34844918 prime?
False
Is 10538251 composite?
False
Is 5016387 a composite number?
True
Is 290461061 a composite number?
True
Is 100151 a composite number?
False
Is 30307159 composite?
True
Is 67571701 composite?
True
Is 776351671 a composite number?
False
Is 565163 composite?
False
Is 737302217 prime?
Tr